
-4
Let b = 83 + -86. Let p(d) = 7*d. Give p(b).
-21
Let x be 1*-6 + -1 + 2. Let u(o) = -o + 4. Let l(b) = -4 - 2 + 1 - 10*b + 11*b. Let y(s) = 4*l(s) + 5*u(s). Give y(x).
5
Let y(i) = -i + 6. Let z be y(12). Let w(o) = -o - 3. Determine w(z).
3
Suppose 3*p = 2 + 16. Let n(c) be the third derivative of -c**7/5040 + c**6/80 + c**5/20 + c**2. Let s(b) be the third derivative of n(b). What is s(p)?
3
Let i(l) = -4*l - 5. Let k(b) = -b**3 + 6*b**2 - 4*b - 1. Let x be k(5). What is i(x)?
-21
Let c(s) = -5*s**2 - 1. Let b = 1 - -4. Let v = 6 - b. Give c(v).
-6
Let h(p) be the second derivative of 3/2*p**2 + 0 - 1/2*p**3 + 5*p. What is h(2)?
-3
Let s be (-5 + 2)/((-3)/(-6)). Let f(m) = m + 4. Calculate f(s).
-2
Let k(i) = -8*i**2 - 20. Let b be (-609)/56 - 2/16. Let m(n) = -3*n**2 - 7. Let v(p) = b*m(p) + 4*k(p). Let x = -2 - -5. Determine v(x).
6
Suppose 2*j + 10 = -2. Let w(b) = 6 - b + 8*b + 0*b**2 + b**2. Give w(j).
0
Let w(g) = g**2 + 5*g + 1. Let r be w(-5). Let o(m) = 0*m**2 + 14*m + r - 10*m + 2*m**2. Calculate o(-3).
7
Let p(j) = j**2 - 2*j**2 + 4*j + 0*j**2 - 4. Let u(c) = c - 1. Let s be u(6). Let y = s - 2. Determine p(y).
-1
Let s = -8 + 8. Suppose -k = -s*k - 4*c - 19, -k + 12 = 3*c. Suppose -k - 5 = 4*w. Let q(u) = -u**2 - 4*u + 6. Determine q(w).
1
Let p(c) = -c**2 - 5*c + 4. Let r be 20/6 + (-11)/33. Suppose -2*d = -r*s - 20, -3*s - 2*d + 1 = 5. Give p(s).
8
Let m(x) = -8*x**2 + 7*x. Let z(q) = 4*q**2 - 4*q. Suppose 2*g + 14 = -2. Let u be 30/4*g/(-12). Let i(w) = u*z(w) + 3*m(w). What is i(1)?
-3
Let t = 498 + -729. Let h be 6/45 + t/45. Let q(b) = 3*b + 5. Let w(k) = -9*k - 15. Let j(u) = 17*q(u) + 6*w(u). Calculate j(h).
10
Let m(u) = u**2 - 1. Let z(n) = 4*n**2 + 5*n + 1. Let s(a) = -5*m(a) + z(a). Calculate s(7).
-8
Let y(s) be the first derivative of 4*s + 1/4*s**4 - s**2 - 5/3*s**3 + 3. Suppose -6*d + d + 2*a + 29 = 0, 2*d = 5*a + 20. Determine y(d).
-6
Let y(k) = k + 2. Let b be y(3). Suppose b*i = 7 + 23. Let c(s) = 3*s + 0*s + 5*s**2 + s**3 + 2*s + i. Determine c(-4).
2
Suppose 0 = -0*q - q + 2. Suppose q*u - 11 = 1. Let a(x) = 1 + 2 - 4*x + u*x. Calculate a(-5).
-7
Suppose 0 = 2*a - 5*a. Suppose a*v = v. Let z(k) = k + 21 + 13 - 28 + 0*k. Determine z(v).
6
Let o(p) be the first derivative of 9*p + 1/2*p**2 - 1/3*p**3 + 1/4*p**4 + 1. Calculate o(0).
9
Let q(y) = 2*y**2 - 6*y - 5. Let s(j) = j**3 - j**2 - 4*j - 1. Let f be ((-1)/3)/((-3)/27). Let w be s(f). Determine q(w).
15
Let a be (-2)/((-3)/(45/6)). Let f(d) = -6 - 5*d**2 + a*d - 4*d**2 + 10*d**2. Calculate f(-5).
-6
Suppose -1 = -w + 1. Let k = w + -1. Let l(f) = f**2 - k - f**2 + 2*f**2 - 4*f**2. What is l(-1)?
-3
Let o(k) = k + 2. Let n(s) = 3*s - 7. Let g be n(7). Suppose 4*t - 6 = g. Give o(t).
7
Let s(h) = -3*h + 9. Let w(b) = -3*b + 10. Let k(m) = -6*s(m) + 5*w(m). Determine k(3).
5
Suppose 0 = -2*p - 2 + 6. Let i(n) = -15 + n**p + 15. Determine i(2).
4
Let m(j) be the third derivative of j**6/120 + j**5/10 + j**4/4 - j**3 + 3*j**2. Give m(-5).
-11
Let a(d) = -3*d - 2. Let l(j) = 2*j**2 + 8*j - 4. Let g be l(-5). Give a(g).
-20
Let f(y) be the third derivative of -y**6/120 - 2*y**5/15 - 5*y**3/6 - 7*y**2. Determine f(-8).
-5
Let z(h) = -8*h**2 - h + 1. Suppose -2*k - 3 = -3*k. Suppose -k*r + 10 - 4 = 3*b, 2*r - b = 1. Calculate z(r).
-8
Let b(d) be the second derivative of -d**5/20 - d**4/3 - d**2 - 11*d. Determine b(-4).
-2
Let a(t) = -t + 4. Let c be a(4). Suppose -6 - 6 = 5*f + p, c = 4*f + 5*p + 18. Let u be -2 + 3/((-3)/f). Let m(v) = -v**3 + v**2 - 2. Give m(u).
-2
Let c(j) = -2*j - 3*j + 4*j**2 + 2*j**3 + 6*j + 1. Calculate c(-3).
-20
Let a be 3 - (-2 - 0)/(-2). Let t(g) = -2*g**2 + 3*g + 3 - 3 - 3. Give t(a).
-5
Let y = 17 + -15. Let s(b) = b - 1. Give s(y).
1
Let b(i) = -i**3 - 5*i**2 + 8*i + 7. Let h = -45 - -39. Determine b(h).
-5
Let u(g) = -g**2 - 6*g - 2. Let c be u(-6). Let o(m) = -m**2 - 2*m + 4. Let n be o(c). Let v(t) = -t**2 + t - 1. Give v(n).
-13
Let h(r) = -r**2 + 7*r - 6. Let m(s) = 4*s**2. Let z be m(1). Let l be h(z). Let p(t) = -t + 5. What is p(l)?
-1
Let o(l) = -l**3 - l**2 + 2*l + 3. Let c be o(-2). Let u(v) = c - v - 1 + 5 - 4. What is u(-3)?
6
Suppose 2*j - 8 - 2 = 0. Let u be (-1)/(-2)*j*2. Let n be 52/(-20) + (-2)/u. Let f(q) = -q - 1. Give f(n).
2
Let p(d) = 3*d. Let x be ((-8)/12)/(2/6). Calculate p(x).
-6
Let d(s) = -122*s - 2 + 60*s + 64*s. What is d(-3)?
-8
Let o = -14 - -17. Let a(n) = 8 + 3 + o - 13 - 5*n. What is a(1)?
-4
Let a(q) = q - 4 - 3*q + 1 + q**2. Let l(g) = -3*g**2 + 29*g + 48. Let j be l(11). Give a(j).
5
Let y be 1/(-3) + 99/(-27). Let q(x) = x**3 + 5*x**2 + 6*x + 5. Determine q(y).
-3
Let p(a) = -a - 2. Let i be p(-5). Let h(v) = v**3 - 2*v**2 - 3*v - 4. Calculate h(i).
-4
Let y be 0*1*1/2. Suppose -3*h = 3 - y. Let u(k) = 66*k + 27. Let g(x) = 5*x + 2. Let b(l) = -27*g(l) + 2*u(l). Calculate b(h).
3
Let w(a) be the third derivative of a**5/60 - a**4/6 + a**3/2 - a**2. Let s = 136 - 132. What is w(s)?
3
Let k = 16 - 19. Let x(r) be the first derivative of -r**5/120 + r**4/8 + 2*r**3/3 - 1. Let a(h) be the third derivative of x(h). Determine a(k).
6
Let k(y) = 29*y**2 - 5*y - 3. Let d(c) = -c - 6. Let b be d(-7). Let u(w) = 10*w**2 - 2*w + 0*w + 0 - b. Let p(v) = -3*k(v) + 8*u(v). Determine p(1).
-7
Let w(r) = r - 6. Suppose -8*s = -7 + 55. Calculate w(s).
-12
Suppose l = 3 - 1. Let j(i) be the third derivative of -i**5/24 + i**4/24 - i**3/6 + 4*i**2. Let n(f) be the first derivative of j(f). Give n(l).
-9
Let n = 1 - 0. Let p(m) = 2*m**3 + 2*m**2 - m. Give p(n).
3
Suppose -2*g - 5 = -c, 5*c + 5*g - 3*g - 25 = 0. Let n(z) = z**3 - 5*z**2 + 2*z + 2. Calculate n(c).
12
Let t be (-4)/(-3) + 6/18. Let m(y) be the first derivative of -1/4*y**4 - t*y**3 + 2*y + 1 - y**2. Calculate m(-4).
-6
Let x(s) be the third derivative of -s**5/60 + s**4/24 - s**3/3 - s**2. Let n = 102 + -105. What is x(n)?
-14
Let k be (-2)/(-9) - (-22)/(-18). Let i = k + 4. Let a(m) = m - 2. What is a(i)?
1
Let w(i) = -4*i - 7. Let t(c) = -3*c - 6. Let v(l) = 3*t(l) - 2*w(l). What is v(-4)?
0
Let i be (-2)/6 + 14/6. Let t(k) = 2 - i - 2*k**2 + 2*k**3 - 2*k. Let m = 6 + -4. Determine t(m).
4
Let t(k) be the third derivative of -k**4/12 + k**3/3 - 4*k**2. Determine t(5).
-8
Suppose -2*t = 3*x - 9, 3*x - t - 9 = -0*t. Let n(c) = -4*c**2 - 6 + 7*c**2 + 3*c**2 + c**x + 5*c. Suppose -13*u - 11*u - 120 = 0. What is n(u)?
-6
Let l(n) = -n**2 - 1 - n**3 + 0*n**3 + n**2 + 2*n. Suppose -5*b - 4 = -14. Give l(b).
-5
Suppose 3*n - 14 = 2*p, -n + 3*p = -2*n + 1. Let v(i) = i**3 - 5*i + 1 - 1 - 1 + n*i**2. Let k = -7 - -2. Give v(k).
-1
Let k(s) = s**3 + 4*s**2 + 3*s + 5. Let h(n) = -n**2 - 18*n - 21. Let u be h(-17). What is k(u)?
-7
Let c(a) = 4 + 9*a**2 - 8*a**2 + 6*a - 5*a**2 - 3*a - a**3. Determine c(-5).
14
Let o(g) = -2*g - 4. Let p(i) = -i**2 - 5*i + 10. Let a be p(-6). Calculate o(a).
-12
Let p(i) = -5*i - 1. Suppose -3*h - 17 + 5 = 0. Suppose 4*j + 3 = 3*j. Let y = j - h. What is p(y)?
-6
Let u = 12 - 9. Let p(k) = -k + 0*k + k**2 - k + 0*k + 1 - k**u. Let a(q) = -q**3 + 3*q**2 + 1. Let f be a(3). Determine p(f).
-1
Let q(b) = b + 1. Let x(f) = f. Let z(t) = -q(t) + 3*x(t). Calculate z(3).
5
Let t(x) = x + 1. Let n(u) = u**2 + 3*u - 4. Let g be n(-5). Suppose b + 0*b - g = 0. Suppose -b = 3*p - 0. Calculate t(p).
-1
Let d(h) be the second derivative of h**5/10 + h**4/3 + h**3/6 - h**2 - 3*h. Calculate d(-2).
-4
Let y(g) = -4*g**3 - 4*g**2 - 3*g + 1. Let h be 0 + (-2 - -1)*2. Let u(k) = -3*k**3 - 4*k**2 - 3*k + 1. Let t(v) = h*y(v) + 3*u(v). Calculate t(-3).
1
Let f(y) = 5*y**3 + 4*y**2 + 4*y - 5. Suppose 2*t = 7*t - 20. Let w(x) = -6*x**3 - 5*x**2 - 5*x + 6. Let b(q) = t*w(q) + 5*f(q). Give b(0).
-1
Let w be 4/(-6)*24/(-16). Let x(v) = -1 + w + v - 8*v + v**2. Determine x(6).
-6
Let k(b) be the third derivative of -b**5/60 + b**2. Let g = 5 - 6. Calculate k(g).
-1
Let p(l) = 4*l + 1 + 0*l - 3*l. Determine p(4).
5
Let h(d) = 46 - 21 + 3*d + 0*d - 26. Calculate h(-1).
-4
Let w(f) be the first derivative of 5*f**3/3 + f - 1. Let r be -1 - (0/(-3))/(-1). What is w(r)?
6
Suppose -8 = -3*a + 19. Let v = a + -6. Suppose v*w + 9 = -3. Let p(g) = g**3 + 3*g**2 - 5*g + 1. Determine p(w).
5
Suppose 57 = -3*o + 4*d, -2*o - 50 + 12 = -d. Let c = 24 + o. Let